alculate l(-5).
-3
Let t be 6 + -3 - (-2 + 1)*3. Suppose 0 = -10*v + t*v + 4. Let h(f) = 4*f**3 - f**2 - f + 1. What is h(v)?
3
Let r be (-24)/(-132) - (-18)/22. Suppose 4*o - 5*a = -0*o - 4, -5*o = 3*a - 32. Let s(y) = -1 - y**2 + 4*y**2 + 2*y - o*y**2 - 8*y**3. What is s(r)?
-8
Let q = -1545 + 1550. Let x(p) = -p - 2*p + 4*p. Determine x(q).
5
Suppose -t = -2*a + 2 - 1, 2*t + 5*a = 7. Suppose -3*d + 2*j - 14 = j, 0 = 3*d - 3*j + 18. Let f = d + t. Let q(n) = n**2 + n - 4. Calculate q(f).
2
Let d(n) = -2*n**2 - 18*n - 41. Let o be d(-4). Let p(s) = -29*s**2 + 1. Calculate p(o).
-28
Let k(r) = 12*r**3 + 8*r**2 - r + 1. Let p(f) = -10*f**3 - 7*f**2 - 1. Let x(j) = 6*k(j) + 7*p(j). What is x(3)?
26
Let q(o) = o**3 + 6*o - 1086 + 1097 + 3*o - 9*o**2. Calculate q(8).
19
Let o(w) = -w**3 + 5*w**2 + w - 5. Let z = 41 - 20. Let v be 4/(-14) - 36/z. Let r be 2 - (-2 - (v - -3)). Determine o(r).
0
Let a(o) = -4*o**2 - o. Let d = 296 - 297. Determine a(d).
-3
Let t(u) be the first derivative of -2*u**3/3 - 3*u**2/2 + 4*u - 358. Suppose v - 3*v = -6. Give t(v).
-23
Let l(j) = j**3 - j**2 - j + 1. Suppose -4*w + 12 = 0, -2*t - w + 13 = 4*w. Let f(o) = 7*o**3 - o**2 - 6*o + 9. Let s(z) = t*f(z) + 6*l(z). What is s(-5)?
-3
Let a(w) = -2*w**2 - 6*w + 129. Let m be a(7). Let r(u) = u**2 + 10*u - 16. Give r(m).
-5
Suppose -5*o = 5*n + 6 - 1, -3*o + n = -13. Let f(r) = -6*r - r**3 + 0*r**o + 5*r**2 + 0 - 4 + 2*r**2. Calculate f(6).
-4
Let m = 12 + -6. Suppose 20 = 5*w + 2*x, 5 - 20 = -3*x. Let u(c) = 2 - c**3 + 2*c + 8*c - w*c + 5*c**2 + 0. Give u(m).
14
Let d(u) = 7*u**3 + 12*u**2 + 3*u + 8. Let z(g) = -g**3 - g**2. Let v(x) = -d(x) - 6*z(x). Let n = -14494 - -14488. What is v(n)?
10
Let o(c) = 2*c - 5. Let h be -3 + 4 + 1 - 10. Let r = h - -13. What is o(r)?
5
Let v(l) = -5*l - 2. Let q(t) = t. Let s(x) = -4*q(x) - v(x). Let j(i) = -12*i**2 - i + 1. Let f be j(1). Let p be 30/f - 2/(-4). Calculate s(p).
0
Let m(g) = g**2 + 6*g - 12. Suppose w - 4*w - 27 = 0. Let q be m(w). Let s = q + -18. Let n(z) = z**2 - 3. What is n(s)?
6
Let o(w) = -w**2 - 12 + 38 - 13 - 6*w - 12. Let t(i) = -i**2 - 8*i + 16. Let x be t(-10). Calculate o(x).
9
Suppose 0 = -0*n + 3*n - 6. Let m(z) = -2*z**2 - z**n + 9*z**2 - z**2. Let c = -5 - -4. Give m(c).
5
Let v = 136/5 + -1627/60. Let m(d) be the third derivative of 0*d + 1/120*d**6 + v*d**4 - 1/12*d**5 + 0 + 1/6*d**3 - 6*d**2. Calculate m(4).
-7
Let z(d) = d**2 - 8*d. Let h be (8/5)/(16/40). Suppose h*m + 1 - 33 = 0. What is z(m)?
0
Let v(h) be the first derivative of -h**4/4 + 4*h**3 - 11*h**2/2 - 3*h - 501. Give v(11).
-3
Let z = 27 + -18. Let f be z/6 + (-6)/4. Let d(x) = -4*x**2 + 2*x - 9. Let p(r) = -r**2 + r. Let w(m) = -d(m) + 3*p(m). Calculate w(f).
9
Let d(i) = -7*i**2 + 3*i + 3. Let c(b) = -3*b**2 + 3*b + 1. Let z(v) = -v. Let l(o) = -c(o) - z(o). Let j(y) = 4*d(y) + 9*l(y). Give j(-4).
11
Suppose 5*y = -3*l - 9 - 9, 2*y = -5*l - 11. Let w(b) be the first derivative of b + 1/2*b**2 - 11 - 8/3*b**3. Determine w(l).
-8
Let a(q) be the third derivative of -q**5/30 + q**3/6 + 54*q**2. Let z(c) = -13*c**2 - 3. Let w(d) = -4*a(d) - z(d). What is w(-1)?
20
Let k(n) = -22*n**2 + 6*n + 57. Let c(p) = 7*p**2 - 2*p - 20. Let m(w) = -17*c(w) - 6*k(w). Determine m(-1).
13
Let d(v) = 18*v - 99. Let t be d(6). Let o(h) = -h**2 + 9*h + 3. Give o(t).
3
Suppose -2*u + 9 = 13. Let z(s) = -s. What is z(u)?
2
Let d(s) = -s**2 + 2*s + 2*s**2 + 0*s**3 - s**3. Suppose 17 = -3*n + 23. Calculate d(n).
0
Let w be (-6 + -14)*2/(-8). Let k(q) = -q**3 + 6*q**2 - 2*q - 7. Calculate k(w).
8
Let y(s) = -5*s + 2. Let w(b) = 11*b - 4. Let j(h) = 4*w(h) + 9*y(h). Calculate j(-3).
5
Let w(b) = -35*b**3 + 8*b - 8. Let g(o) = -12*o**3 + 3*o - 3. Let c(j) = -11*g(j) + 4*w(j). What is c(1)?
-8
Let f(q) = 19*q + 20. Let s be f(-1). Let m(n) = 11*n - 2. Determine m(s).
9
Let b(f) = f**2 + f - 1. Let i(o) = o**3 - 6*o**2 - 2*o + 3. Let p(u) = -3*b(u) - i(u). Let z = 125 + -123. Give p(z).
2
Let d(h) = 10 - 28 + 16 + h. Let v = 5 - 0. Suppose v*c = 5*l - 2 - 13, 36 = -4*c - 4*l. Determine d(c).
-8
Let k(z) = 2*z**3 + 3*z**2 - z - 2. Let s(v) = -3*v**3 + v**2 + 4*v + 2. Let o be s(-2). Let n = -24 + o. Give k(n).
-4
Let a(v) = v + 1. Let u = 8 + -3. Let h be -3 - ((-80)/u)/1. Suppose 12 = -5*d - h. Determine a(d).
-4
Let g(x) = x**2 + x. Let c(y) = -y**2 - 2*y + 1. Let v(i) = 3*i + 33. Let o be v(-9). Let u(f) = o*g(f) + 7*c(f). Calculate u(-7).
14
Let h = 21 + 27. Suppose h = 8*g - 0. Let a(j) = j**2 - 6*j + 5. What is a(g)?
5
Suppose l - 64 = 4*v, 0 = -4*v - 2 - 2. Suppose 0*j + l = 5*j. Suppose 0 = -2*d - j + 28. Let c(f) = -f + 3. Determine c(d).
-5
Suppose 4 + 0 = -4*o. Let t(l) be the first derivative of l**3/3 + l**2/2 - l + 10. Let a(u) = -10*u**2 - 3*u + 6. Let s(q) = a(q) + 5*t(q). Determine s(o).
-6
Let n = 31 + -19. Suppose 8*h = -n + 100. Let s(j) = j**3 - 10*j**2 - 10*j - 5. Calculate s(h).
6
Let s(y) be the third derivative of -y**7/2520 - y**6/720 + y**5/120 + 5*y**4/12 + 7*y**2. Let p(r) be the second derivative of s(r). Give p(0).
1
Let u be 8/3*(1701/18)/21. Let i(c) = c**3 - 13*c**2 + 11*c + 11. Calculate i(u).
-1
Let l(u) = -u + 4. Let t be (-1)/(12/9)*-8. Let c be l(t). Let v(a) = 4*a**2 - 2. Give v(c).
14
Let n(w) = 5*w**3 - w**2 - 2*w - 1. Let x be n(-1). Let j = -3 - x. Let l(c) = -4*c + 3. What is l(j)?
-5
Let u be 9/18*(-15 + 1). Let n = 11 + u. Let c(b) = b**2 - 2*b - 5. Let z be c(n). Let p(k) = 2*k + 2. Give p(z).
8
Let l(p) = -p**3 - 5*p**2 + 10*p + 7. Suppose 6 = -2*q, -j = -4*q - 2 - 29. Suppose 0 = -15*x + 241 + 494. Suppose x = -5*u + j. Determine l(u).
-17
Let a(d) = -d**3 + 6*d**2 - d + 10. Let s be a(6). Let h(j) = -3*j**2 + 5*j + 1. Let t(b) = 10*b**2 - 16*b - 4. Let z(r) = -7*h(r) - 2*t(r). Determine z(s).
5
Let s(t) = -13*t**3 - 3*t**3 + 1 + 36*t**3. Give s(-1).
-19
Let k(m) = 11*m**3 - m**2 + m + 1. Let x(t) = -t**3 + 31*t**2 - 29*t - 31. Let d be x(30). Give k(d).
-12
Suppose -f = f. Let q = 8 + f. Suppose 4 + q = 4*r. Let i(x) = -x**3 + 3*x**2 - 3. Give i(r).
-3
Let q(j) = 46*j**3 - 1 + 10*j - 25*j - 45*j**3 + 11*j + 4*j**2. Give q(-3).
20
Let u(l) = -l**3 + 3*l**2 - 6*l + 3. Let y be u(4). Let h = -35 - y. Let d(t) = -2*t**3 + 3*t**2 - 2*t + 3. Calculate d(h).
-5
Suppose 4*l = 3*x + 25, x + 6*l = 2*l + 13. Let s = x - 1. Let j(o) = -o - 2 - 3*o - o + 4*o. Give j(s).
2
Suppose 0 = -5*y - 2*m + 17, -3*m = -5*y - 0*y + 37. Suppose -3*i + 7 = 1. Let h(q) = -q**i - q + 2*q**2 - 6*q + y. Determine h(4).
-7
Suppose 1 = n, h - 35 + 9 = -4*n. Let g(m) = -m**3 - h - 5*m**2 - 2*m + 14 + 12. Give g(-4).
-4
Let x(l) = -l**2 + 8*l - 10. Suppose 198 = 52*s - 19*s. Calculate x(s).
2
Let t = -57 + 46. Let n = 10 + t. Let l(z) = z + 1. Calculate l(n).
0
Let c(k) = -27*k - 53*k + 15 + 100*k - 25*k. Determine c(0).
15
Let p(y) be the first derivative of -y**3/3 + 5*y**2/2 - y - 1. Let f be (-4)/6 - 47/(-3). Let u = 19 - f. Calculate p(u).
3
Let n = 200 - 200. Let j(z) = z**3 - z**2 + z + 5. What is j(n)?
5
Let f(z) be the first derivative of -z**5/60 + z**4/8 + z**3/6 + z**2 + 16*z - 54. Let p(v) be the second derivative of f(v). Give p(6).
-17
Let m(q) be the second derivative of 17*q + 1/12*q**4 - 5/6*q**3 + q**2 + 0. What is m(3)?
-4
Let i be (-72)/10*75/(-30). Let y = i + -13. Let b(h) = -h**3 + 4*h**2 + 5*h - 4. Determine b(y).
-4
Suppose 3*m = 9*m + 18. Let h(b) = -68 - 71 - 7*b + 136. Give h(m).
18
Let t = 83 + -59. Let u be (-6)/33 + t/11. Let r(o) = -3 + 0*o**2 - 3*o + o**3 + 2*o**u + 0*o**2. Determine r(-3).
-3
Let c(z) be the third derivative of -1/60*z**5 + 0 - 1/24*z**4 + 1/2*z**3 + 0*z - z**2. Let o(a) = -a - 3. Let q be o(-6). What is c(q)?
-9
Suppose -4 = -3*l - 5*v, -5*l - v = -5*v + 18. Let u(y) be the first derivative of 9*y**2/2 + 2*y + 2. Calculate u(l).
-16
Suppose 108*o - 67*o - 246 = 0. Let b(t) = 2*t**2 - 9*t - 8. Calculate b(o).
10
Let f(s) be the third derivative of -s**6/120 - s**5/15 + s**4/24 + 5*s**3/6 - 4*s**2. Let d be -3 - (-11 - (-1 + -2)). Let j be (-22)/d + 44/110. What is f(j)?
1
Suppose -4*u = -110 - 2. Let n(t) = -u*t + 49*t - 20*t + 12. Give n(0).
12
Let u(n) be the third derivative of -n**8/20160 + n**7/1260 - 7*n**6/720 - 11*n**5/60 + 18*n**2. Let m(s) be the third derivative of u(s). Give m(5).
